. Is j a prime number?
False
Let q(h) = 2*h**3 - 5*h**2 + 4*h - 4. Let m be q(5). Let u be ((-93)/(-9))/((-2)/12). Let d = m + u. Is d a composite number?
False
Let u be 6/24 - (-11)/4. Suppose -d + 96 = -0*d + 2*z, -u*z = d - 98. Let m = 147 - d. Is m composite?
True
Let v(k) = 2*k. Let w be v(-3). Let a(x) = -15*x - 9. Let r be a(w). Suppose -3*m + 2*s + 26 + r = 0, 2*m + s = 83. Is m a composite number?
True
Suppose 0 = -8*m - 48 + 520. Is m composite?
False
Let m(g) = g**2 - 2. Let f(j) = -j**2 - j. Let x(s) = -2*f(s) - m(s). Is x(-9) prime?
False
Let z(a) = 2*a**3 - 3*a - 12. Is z(5) a composite number?
False
Suppose 3*i + 639 = 3*m, -3*m = 2*i + 190 - 809. Is m a prime number?
False
Suppose -9 = 3*h, 0*t - h = 5*t - 102. Is t composite?
True
Let m(f) = 318*f - 1. Is m(1) a prime number?
True
Let o = -14 + 253. Is o a composite number?
False
Let d = 44 - 8. Suppose 193 = u + d. Suppose -3*c = -38 - u. Is c composite?
True
Suppose 3538 = 3*w - 2*u, -2*w + 3*u + 2362 = u. Suppose 0 = 3*d - w + 87. Let l = d - 164. Is l a composite number?
False
Let t = -117 + 278. Is t prime?
False
Suppose 2*f - 127 = -41. Is f a prime number?
True
Let j(w) = w**3 + 4*w**2 + 4*w + 2. Let r be j(-2). Suppose -2*d + 2*t + r = d, -2*d = 2*t - 18. Suppose -11 = -b - d. Is b a prime number?
True
Suppose -3*g = -g - 18. Let y = g - 2. Is y a composite number?
False
Let i(l) = -7*l**3 - l**2 - 3*l - 1. Let f be i(-2). Suppose 3*p + f = 6*p. Is p prime?
True
Let z = 93 + -21. Let c = z + -41. Is c composite?
False
Let i be 0/(1 + (-4)/2). Suppose i = 4*p - 9 - 7. Suppose -3*m - 322 = -5*m + 3*r, m = -p*r + 139. Is m a prime number?
False
Let c(q) = q**3 - 5*q**2 - 5*q - 6. Let d be c(6). Suppose 3*h = 5*o - 25 - 0, d = -2*o - h - 1. Suppose 652 - 186 = o*t. Is t composite?
False
Suppose 3*x - 2*h + 773 = 2502, 5*x - 2875 = 2*h. Suppose -3*d = 5*w - x, 2*d + 5*w = -2*d + 764. Is d composite?
False
Suppose 0 = -s - 4*f + 531, 2*f - 1044 = -0*s - 2*s. Is s prime?
False
Suppose x - 3*d - 8 = 0, 5*x + 0*d - 3*d - 28 = 0. Suppose -2*n - 49 = 2*v - 3*v, x*v - 235 = 5*n. Suppose m = -2*m + v. Is m prime?
False
Let n(x) = 3*x**2 + 5*x + 7. Let f be n(-5). Suppose -b = -f + 4. Is b composite?
False
Let s be 1 - 1 - (-2 + -1). Is 262*s/18*3 prime?
True
Let i = -2707 + 4364. Is i prime?
True
Suppose 7510 = -s + 3*s. Is s prime?
False
Let j be -3*(-1 + (-12)/(-9)). Is (-3 - -4)*-62*j a prime number?
False
Let u = -88 - -131. Is u prime?
True
Suppose 3*b - 4*b = 0. Let f be b/(2 + -1*4). Suppose -3*a - 5*i + f*i + 176 = 0, 0 = -a - 4*i + 47. Is a composite?
False
Let s be 1 - (-3)/((-9)/15). Let q(k) = 11*k**2 + 3*k - 5. Is q(s) composite?
True
Let f(r) = 308*r + 9. Is f(1) a composite number?
False
Let t = 775 - 428. Is t a prime number?
True
Let c(l) = 74*l**2 - 4*l + 5. Is c(2) a prime number?
True
Let a = 18 - -100. Is a a prime number?
False
Let o = -5 - -2. Let p be -2*(-4)/(-3)*o. Suppose -69 = -v + p. Is v a prime number?
False
Let m(d) = -1. Let s(x) = 4*x + 1. Let w be s(1). Let c(p) = 16*p + 4. Let v(t) = w*m(t) + c(t). Is v(5) a composite number?
False
Suppose 0 = -d - 5*d + 894. Is d prime?
True
Let s(l) = 0*l - 15*l - 22 + 24. Is s(-5) a composite number?
True
Suppose -2 + 0 = -2*g. Let u = g - 3. Let t(w) = 13*w**2 + 1. Is t(u) a prime number?
True
Suppose 2*h - 43 = -15. Suppose 6*x - h = 4*x. Is x prime?
True
Let v be (-9)/(-3) - (-60)/4. Suppose 2 = 2*m + 2*s - 2, s = -5*m + v. Is (-6)/m*(-2 - 104) composite?
True
Let d = -52 + 86. Let o = 22 + -31. Let s = d + o. Is s prime?
False
Let v(c) = -2*c**3 - 4*c**2 - 2*c. Let p be v(-2). Suppose -5*z + 4*s = -13, -5*z - 5*s = p + 1. Let h(n) = 26*n**2 - n + 1. Is h(z) a composite number?
True
Let z(x) = -x**2 - 8*x - 8. Let r be z(-6). Let k = 2 + r. Suppose -k*a + a + 170 = 0. Is a a prime number?
False
Let n = -479 + 805. Is n a composite number?
True
Is ((-91)/26)/(2/(-1028)) composite?
True
Let a(z) = z**3 - 2*z**2 - 4*z + 6. Let m be a(4). Let u = 128 + -80. Let t = u - m. Is t composite?
True
Let f = 301 - 196. Let q = 22 + f. Is q composite?
False
Suppose -5*j = -20, -5*a = -3*a + 4*j - 398. Is a composite?
False
Let m = 8 - 4. Let b = 0 - m. Let f = 101 + b. Is f a composite number?
False
Let q be (-4)/(-8) + (-186)/(-4). Let m = 178 - q. Let r = -76 + m. Is r a prime number?
False
Let v be (-114)/(-30) - 2/(-10). Is (14/v)/((-4)/(-136)) a prime number?
False
Let q = 967 - 482. Is q a composite number?
True
Let u = 21896 + -11701. Is u composite?
True
Let a(g) be the second derivative of -g**5/20 - g**4/6 + g**3/3 + g**2 + 2*g. Is a(-5) a composite number?
False
Let r = -10 - -12. Suppose 0 = -5*s - 4*h + 1929, r*s - 709 - 61 = -2*h. Is s a composite number?
False
Is 1/7 + (-1216)/(-14) composite?
True
Suppose -4*g - 3*h + 894 = -4*h, 3*h = -3*g + 663. Is g a composite number?
False
Suppose 4*b = -b + 6685. Is b composite?
True
Let o(y) = 3*y**2 - 1. Let h(w) = -w**3 - w**2 + 1. Let q(n) = -2*h(n) - o(n). Let a(r) = r - 2. Let g be a(4). Is q(g) prime?
True
Let j = 688 + -477. Is j composite?
False
Let x(i) = -i**2 - 7*i - 1. Let w(r) = -4*r. Let m(v) = -5*w(v) + 3*x(v). Let s(y) = -10*y**2 - 2*y - 10. Let n(g) = -7*m(g) + 2*s(g). Is n(-6) a prime number?
True
Let z(b) = -2*b**3 - 6*b**2 - b + 1. Is z(-4) a composite number?
False
Let k = -8 + 11. Suppose k*b - 7 = 8, 3*b = -2*v + 41. Is v composite?
False
Suppose -2*x + 0*x + 20 = 2*h, -2*h - 10 = -4*x. Suppose -39 = x*f + 151. Let v = 63 + f. Is v a composite number?
True
Let z(u) = -3*u + 3*u - 2*u + u**2 - 2. Let p = 16 - 22. Is z(p) a prime number?
False
Suppose r + 54735 = 16*r. Is r prime?
False
Let x(d) = 33*d - 9. Let p be x(10). Suppose 0*y + 150 = 2*y - 5*f, 5*y - p = -f. Suppose y = 4*l - 195. Is l composite?
True
Suppose 0 = -8*t + 515 - 171. Is t composite?
False
Let h(n) = 3*n**2 + 10*n - 20. Is h(-15) composite?
True
Suppose 4*l - 67 + 11 = 0. Is l a prime number?
False
Let c be 15*-2*(-3)/(-18). Is 2 + -1 - (c + -181) a composite number?
True
Let t(h) = -64*h - 1. Is t(-2) a composite number?
False
Let u = 8 + 100. Let b be 70/(-21)*u/(-10). Is (b - 2) + (-4 - -5) a composite number?
True
Let n be 94/18 + 8/(-36). Suppose n*o = 54 + 11. Is o a composite number?
False
Let f be (5 + -4)*(1 - -1). Let q be -6 + 2 + (-4)/f. Is (q/(-3) - 1) + 2 prime?
True
Let s be 9 + -6 - (-8 + 2). Let u(q) = 3*q**2 - 8. Is u(s) a prime number?
False
Let n(y) = 3*y**3 + 4*y**2 - 2*y + 3. Let r be n(4). Suppose r + 204 = 5*k. Is k a prime number?
False
Suppose 2*c - 4*m + 2*m = 306, -5*m - 451 = -3*c. Is c a prime number?
True
Suppose 0 = 5*m - 22 + 7. Suppose 4*i = -2*y + 106, m*i - 74 = 4*y - 286. Is y composite?
False
Let z = 42 - 5. Is z prime?
True
Let p = -19 + 133. Let i = p + -61. Is i a composite number?
False
Let c = -18 + 25. Let u be ((-2)/(-4))/(c/(-6972)). Let b = u - -751. Is b composite?
True
Let o be (-85)/(-15) - 2/(-6). Let p = 12 - o. Is p prime?
False
Suppose z = 2*z - 451. Is z a prime number?
False
Let h = 20 + -22. Is 3/((-1)/(-99 - h)) a composite number?
True
Let a(g) be the second derivative of g**5/20 - g**4/2 + g**3/6 + 7*g**2/2 - g. Is a(6) composite?
False
Let o(d) = 39*d**2 - 8*d - 21. Is o(-4) composite?
True
Suppose -79 = 4*z + 21. Let b(n) = -n**3 - 4*n**2 - 4*n - 1. Let a be b(-5). Let m = z + a. Is m composite?
False
Let k(j) = -j - 9. Let n be k(-7). Is 0 + n + -1 - -61 prime?
False
Let g be 6/(-24) - 34/(-8). Is (g/5)/((-2)/(-35)) a composite number?
True
Let r = -23 - -32. Let y = r - 11. Is ((-345)/10)/(y/4) prime?
False
Let b(w) = -10*w**2 + 8*w - 2. Let j(d) = -11*d**2 + 9*d - 3. Let m(h) = 6*b(h) - 5*j(h). Let z(f) be the first derivative of m(f). Is z(-3) prime?
False
Suppose 6*q - 216 = 3*q. Is 1634/18 + 16/q prime?
False
Let d(q) = -9*q - 13. Let p = -27 - -17. Is d(p) a composite number?
True
Let k(m) = 30*m + 3. Let p = 4 + 0. Is k(p) composite?
True
Suppose -5*q - 2*a = 3*a + 1285, 5*a + 523 = -2*q. Is (q/4)/((-1)/2) composite?
False
Let z = 16 - 22. Let a(i) = -i - 3. Let p be a(z). Is -35*(p*-1)/3 a composite number?
True
Suppose 0*b - 99 = -3*b. Is b composite?
True
Suppose 3*v + 2*v = -195. Suppose -2*c - 71 = 2*f + 109, 3*f + 266 = -5*c. Let k = v - f. Is k prime?
True
Let c = -4 + 7. Suppose -76 = -c*g 